r of 3378208?
False
Does 246 divide 123492?
True
Is 19152 a multiple of 76?
True
Does 8 divide 208438?
False
Is 835846 a multiple of 11?
True
Does 1666 divide 5780085?
False
Is 686083 a multiple of 19?
False
Is 374100 a multiple of 33?
False
Is 143771 a multiple of 254?
False
Is 887 a factor of 693634?
True
Is 1476385 a multiple of 17?
False
Is 1502928 a multiple of 168?
True
Does 32 divide 393159?
False
Is 5852 a multiple of 28?
True
Does 35 divide 230726?
False
Is 39858 a multiple of 25?
False
Does 281 divide 1798681?
True
Is 246575 a multiple of 517?
False
Does 145 divide 1795?
False
Is 814599 a multiple of 520?
False
Does 96 divide 3024384?
True
Is 1215048 a multiple of 22?
False
Does 13 divide 437315?
False
Is 9844241 a multiple of 187?
True
Does 277 divide 4782557?
False
Does 247 divide 6394583?
True
Does 9 divide 240690?
False
Is 7 a factor of 4984?
True
Is 254493 a multiple of 235?
False
Is 135116 even?
True
Is 2673052 a multiple of 6?
False
Is 29 a factor of 684721?
False
Does 19 divide 5946772?
True
Is 516863 a multiple of 206?
False
Does 120 divide 2001120?
True
Is 112 a factor of 1326405?
False
Is 794997 a multiple of 95?
False
Is 107660 a multiple of 274?
False
Does 13 divide 13097643?
True
Is 119 a factor of 341887?
True
Does 56 divide 2520266?
False
Is 910203 a multiple of 267?
True
Does 25 divide 663967?
False
Is 796800 a multiple of 15?
True
Does 439 divide 553140?
True
Is 578377 a multiple of 7?
False
Is 17 a factor of 91195?
False
Is 2229464 a multiple of 511?
False
Does 526 divide 374395?
False
Does 4 divide 140650?
False
Does 61 divide 45567?
True
Does 966 divide 3078344?
False
Is 53 a factor of 797073?
False
Does 50 divide 663082?
False
Does 746 divide 1903575?
False
Is 20530 a multiple of 4?
False
Is 3161769 a multiple of 137?
False
Is 656 a factor of 1019950?
False
Is 8 a factor of 817307?
False
Is 352057 a multiple of 21?
False
Is 579 a factor of 20417?
False
Is 127 a factor of 12186839?
False
Is 1875 a factor of 3077927?
False
Is 1817504 a multiple of 1028?
True
Is 6020626 a multiple of 67?
False
Is 261762 a multiple of 69?
False
Is 12166 a multiple of 6?
False
Is 6 a factor of 212037?
False
Is 473 a factor of 1163521?
False
Is 7 a factor of 334299?
True
Is 428214 a multiple of 15?
False
Is 8 a factor of 79028?
False
Does 144 divide 206615?
False
Is 45 a factor of 104220?
True
Does 53 divide 131599?
True
Is 34 a factor of 170068?
True
Does 56 divide 320880?
True
Is 10 a factor of 9307?
False
Is 153 a factor of 446913?
True
Is 115 a factor of 146696?
False
Does 40 divide 3565640?
True
Is 146 a factor of 493918?
True
Is 24 a factor of 81941?
False
Does 95 divide 85215?
True
Is 3 a factor of 24076?
False
Is 16 a factor of 6937776?
True
Does 971 divide 2111252?
False
Is 1544772 a multiple of 348?
True
Is 42 a factor of 750523?
False
Is 4488123 a multiple of 1109?
True
Is 2645897 a multiple of 17?
True
Does 1119 divide 759801?
True
Is 13 a factor of 142232?
False
Is 734313 a multiple of 453?
True
Is 813816 a multiple of 18?
True
Does 54 divide 3499686?
True
Is 109643 a multiple of 83?
True
Is 83232 a multiple of 3?
True
Is 184 a factor of 244536?
True
Is 4579439 a multiple of 638?
False
Is 14 a factor of 23254?
True
Is 2282280 a multiple of 308?
True
Does 83 divide 674725?
False
Is 418473 a multiple of 9?
True
Does 11 divide 142999?
False
Is 120 a factor of 369720?
True
Does 18 divide 193124?
False
Is 147 a factor of 31164?
True
Is 88631 a multiple of 13?
False
Is 130050 a multiple of 30?
True
Is 136458 a multiple of 38?
True
Does 41 divide 4954604?
True
Is 114162 a multiple of 132?
False
Is 30 a factor of 344070?
True
Does 8 divide 54186?
False
Is 236 a factor of 1330804?
True
Does 2 divide 112656?
True
Is 11 a factor of 281457?
True
Is 4 a factor of 32668?
True
Is 377755 a multiple of 215?
True
Does 22 divide 359172?
True
Does 6 divide 51864?
True
Is 92 a factor of 3217951?
False
Is 2717361 a multiple of 513?
True
Is 1284195 a multiple of 215?
True
Is 67787 a multiple of 53?
True
Is 9201808 a multiple of 77?
True
Is 46 a factor of 303830?
True
Is 29188 a multiple of 4?
True
Does 195 divide 141276?
False
Is 5659410 a multiple of 426?
True
Is 182 a factor of 7838582?
False
Is 152 a factor of 823232?
True
Is 21677711 a multiple of 341?
True
Is 411577 a multiple of 11?
False
Does 11 divide 6659345?
True
Does 64 divide 1877184?
True
Is 68631 a multiple of 10?
False
Is 52 a factor of 6625112?
True
Is 20261 a multiple of 217?
False
Is 1551114 a multiple of 89?
False
Is 3310427 a multiple of 46?
False
Does 26 divide 7465146?
True
Does 248 divide 989520?
True
Does 15 divide 685840?
False
Is 8388476 a multiple of 270?
False
Is 26 a factor of 38740?
True
Is 39 a factor of 4086186?
True
Is 388066 a multiple of 31?
False
Is 279990 a multiple of 170?
True
Does 22 divide 1897764?
True
Is 25 a factor of 39519?
False
Is 37970 a multiple of 17?
False
Is 8184 a multiple of 6?
True
Does 139 divide 102721?
True
Is 7509062 a multiple of 8?
False
Is 155775 a multiple of 60?
False
Is 6 a factor of 152362?
False
Does 5 divide 1701760?
True
Is 5 a factor of 986590?
True
Is 14616087 a multiple of 45?
False
Does 8 divide 1755586?
False
Does 134 divide 164243?
False
Does 3 divide 10905?
True
Is 425767 a multiple of 45?
False
Is 103 a factor of 487253?
False
Does 184 divide 561153?
False
Is 619527 a multiple of 15?
False
Is 22 a factor of 2311694?
True
Is 110544 a multiple of 282?
True
Is 1890616 a multiple of 371?
True
Is 10 a factor of 50587?
False
Is 2290981 a multiple of 77?
True
Is 142662 a multiple of 78?
True
Does 84 divide 159852?
True
Is 16500 a multiple of 20?
True
Is 7 a factor of 252569?
False
Is 995812 a multiple of 241?
True
Is 2663258 a multiple of 13?
True
Does 284 divide 72546?
False
Is 519 a factor of 2702154?
False
Is 456589 a multiple of 44?
False
Does 373 divide 1072002?
True
Is 6 a factor of 1679341?
False
Is 122554 a multiple of 259?
False
Is 55 a factor of 1403435?
True
Is 687940 a multiple of 342?
False
Is 15 a factor of 336525?
True
Is 141 a factor of 736443?
True
Does 391 divide 3492514?
False
Is 2369073 a multiple of 144?
False
Does 27 divide 10121?
False
Does 23 divide 53708?
False
Is 75 a factor of 66000?
True
Is 40 a factor of 505813?
False
Does 110 divide 390720?
True
Is 39 a factor of 2725242?
True
Does 60 divide 82024?
False
Does 263 divide 312075?
False
Is 2143430 a multiple of 206?
True
Is 83830 a multiple of 10?
True
Is 872 a factor of 211024?
True
Does 58 divide 107899?
False
Is 7 a factor of 1198218?
True
Is 141431 a multiple of 26?
False
Is 8 a factor of 153904?
True
Does 26 divide 42172?
True
Does 13 divide 590577?
True
Does 18 divide 96858?
True
Does 155 divide 502045?
True
Is 2983902 a multiple of 222?
True
Does 104 divide 2539472?
True
Is 410223 a multiple of 24?
False
Is 641 a factor of 9246446?
False
Is 13706046 a multiple of 17?
True
Is 307647 a multiple of 12?
False
Does 4 divide 20112?
True
Is 20 a factor of 373320?
True
Is 6 a factor of 319308?
True
Is 92280 a multiple of 4?
True
Is 335 a factor of 1083055?
True
Does 4 divide 482608?
True
Is 7 a factor of 243681?
False
Is 143 a factor of 372160?
False
Does 216 divide 106323?
False
Is 53035 a multiple of 52?
False
Is 9 a factor of 667657?
False
Is 76896 a multiple of 48?
True
Is 660 a factor of 1924278?
False
Does 46 divide 2443877?
False
Is 5630151 a multiple of 10?
False
Does 32 divide 339584?
True
Does 13 divide 3408977?
True
Is 8757250 a multiple of 80?
False
Is 1737540 a multiple of 84?
True
Is 210 a factor of 181230?
True
Is 416 a factor of 490464?
True
Is 23141 a multiple of 3?
False
Is 12 a factor of 1160254?
False
Is 413850 a multiple of 89?
True
Is 461759 a multiple of 141?
False
Is 1754172 a multiple of 12?
True
Is 279 a factor of 153171?
True
Is 17 a factor of 525572?
True
Does 3 divide 457304?
False
Does 14 divide 13219?
False
Is 263647 a multiple of 185?
False
Does 195 divide 46995?
True
Does 26 divide 154745?
False
Is 19 a factor of 120564?
False
Does 381 divide 21598890?
True
Is 503388 a multiple of 36?
True
Is 6940875 a multiple of 25?
True
Is 156882 a multiple of 33?
True
Does 132 divide 7346460?
True
Is 77 a factor of 1315314?
True
Does 7 divide 400770?
False
Is 141 a factor of 2761908?
True
Does 693 divide 12499641?
True
Does 2